8. Let m(y) = -5*a(y) - 7*b(y). Is m(o) prime?
True
Suppose 0 = 5*t - 110563 - 172222. Is t a prime number?
False
Let p be 65/(-20)*(2 + 2)*140. Let s = -55 - p. Is s composite?
True
Let h(o) = 2*o - 36. Let t be h(16). Is (-8446)/t - (0 - (-8)/16) a prime number?
True
Suppose -3*u + 5*k + 25 = 0, 10*u - 15*u - 5*k = -15. Suppose -3*f + u*t + 4355 = -3845, -2*t + 10942 = 4*f. Is f a composite number?
True
Let v(x) = -544*x + 369. Is v(-14) composite?
True
Let d(b) = 64 - 1 + 3*b**2 - 5 - 5*b**2. Is d(0) a prime number?
False
Let w(i) = -418*i**3 - i**2 - 2*i - 1. Suppose 11*t + 23 = 1. Is w(t) a composite number?
False
Let y(t) = 2*t - 5. Let l be y(5). Suppose 3*d - 913 = 5*m, m + 3*m = -l*d + 1460. Suppose 3*k - 1954 = -5*p - d, -5*p + k = -1654. Is p prime?
True
Suppose x = 5*n - 3*n - 5355, -5*n = 4*x - 13394. Suppose -5*u = -5*m + 3790, -817 = u + 5*m - 77. Let o = u + n. Is o composite?
True
Let n = 136 - 141. Let f(d) = -372*d + 29. Is f(n) a prime number?
True
Suppose -3*q = 5*w - 163678 - 205722, -369360 = -5*w + 5*q. Is w prime?
True
Suppose 0 = 15*u + 288853 - 1288468. Is u prime?
False
Suppose s = 4*a - 1386, 3*a - 6*a - 5*s + 1028 = 0. Let p = 43 + a. Is p composite?
False
Let n(k) = -k**3 - 2*k**2 - 6*k - 8. Suppose 0*v + 3*v = -5*s + 45, 2*s - 18 = -2*v. Let l be ((-6)/s + 5)/((-2)/6). Is n(l) a prime number?
False
Suppose -6 = 3*p, -4*g - 22*p + 58 = -19*p. Suppose -g*u - 2589 = -19*u. Is u prime?
True
Suppose 171 = -18*q + 37*q. Suppose -9115 = -14*h + q*h. Is h a composite number?
False
Let r(f) be the second derivative of 16/3*f**3 - 14*f - 1/2*f**2 + 0 + 7/12*f**4. Is r(-20) composite?
True
Suppose 2*a = -3 + 9. Suppose k - 29 = -a*g, -3*g + 0*g - 4*k + 35 = 0. Suppose -g*b + 7*b = -194. Is b a composite number?
False
Let s be 3*1/(-2)*253792/(-309). Let p = s + 309. Is p composite?
True
Let g = -364707 + 684592. Is g a prime number?
False
Let v be 11/(66/8880) - 0. Suppose -3*g + 3*i + 902 = -v, -3*g + 2379 = -4*i. Is g a composite number?
False
Suppose -4*o = -2*s - 83118, -5*s - 41547 = -o - o. Suppose -o = -g - 2*q, -5*g - 15*q + 11*q = -103875. Is g prime?
True
Let n be 1 - 2 - -64*(-6)/6. Let l = -47 - n. Let q = l - -140. Is q a composite number?
True
Let x be (0 + (-18)/12)*(1 - 9). Is x/(8/(-4)) - -913 prime?
True
Let c = -2 - -21. Let r = c + -19. Suppose b - 1633 - 412 = r. Is b a composite number?
True
Let o(f) = f - 13. Let s be o(13). Let v = s - -2. Suppose 466 = 2*c - 4*z, v*c + z + z = 436. Is c composite?
False
Let r(p) = 3419*p + 1900. Is r(39) a prime number?
True
Let q = -782 - -2094. Let n = q - 239. Is n a composite number?
True
Suppose 0 = -5*a - 26717 - 28623. Let k = -225 - a. Is k composite?
True
Let t be ((-6)/4)/((-7)/(-3 - -17)). Suppose -10074 = -4*j + 4*k + 1182, 5*k - 8482 = -t*j. Is j a prime number?
True
Let v(j) = j**3 - 13*j**2 + 14*j - 11. Let q = 29 - 17. Let t = q - 0. Is v(t) a prime number?
True
Is (0 + (-329)/(-28) + -7)*5708 a composite number?
True
Let c be -33*(0 + (-83)/3). Let b(w) = 192*w. Let g be b(3). Let i = c - g. Is i composite?
False
Let c(a) = 129*a + 9. Let o be c(-7). Let f = 577 - o. Is f a prime number?
True
Let s(m) = -10*m - m**2 - 6*m + 336 + 3425 + 8*m - m**2. Is s(0) a composite number?
False
Let z(r) be the first derivative of 10*r - 9 + 103/2*r**2. Is z(4) composite?
True
Let k = 275 + -273. Is (-2)/6*k + 4546/6 a prime number?
True
Suppose 6*q + 13*q + 1989675 = 18153982. Is q a prime number?
True
Let l = -7411 + 12504. Is l a prime number?
False
Let b = -172879 - -277866. Is b a prime number?
True
Let j(i) = 25*i - 20. Let g be j(1). Let b = 262 + g. Is b a prime number?
False
Let y(m) = 82*m - 4. Let z(o) = 5*o - 3. Let h be z(1). Let d(f) = -82*f + 5. Let u(g) = h*d(g) + 3*y(g). Is u(4) composite?
True
Let p = -114105 + 290452. Is p a composite number?
False
Suppose 3*k - 22061 = -s, -2*s = -3*s + 5*k + 22037. Suppose 17*h = s + 6015. Is h composite?
True
Let m(d) = 12*d**3 - 10*d**2 - 27*d + 21. Let z be m(12). Suppose 5*f - z = -x - x, 0 = -4*x - 5*f + 38011. Is x a composite number?
True
Let v(y) = 44 + 99 - 1794*y - 764*y. Is v(-3) a prime number?
True
Let i = 1798 - -125. Let c(w) = 3*w**2 + 2*w - 2. Let y be c(-2). Suppose -y*a = 3*v - 2*a - i, -a - 3205 = -5*v. Is v composite?
False
Let j(h) be the third derivative of 3*h**5/20 - h**4/12 + h**3/3 - 2*h**2. Let i be j(-6). Let n = 685 - i. Is n a composite number?
False
Let g be 7 + (3 + -7 - 8). Let d(b) be the second derivative of -3*b**5/10 - 7*b**4/12 + b**3 - 7*b**2/2 - b. Is d(g) prime?
False
Let x be (-2 + 25/10)*0. Let y be ((-318)/(-7))/(9/63). Suppose -16 = -x*l + 4*l, 0 = 2*f + 2*l - y. Is f prime?
True
Let q = -4574 + 28965. Is q prime?
True
Let v(a) = 2*a + a - 11 - 20. Let w be v(12). Suppose 928 = w*r - 2317. Is r composite?
True
Let b(z) = -3*z - 39. Let s be b(-13). Suppose 0 = 2*a + 5*f - 3354, -a + 3*f = -s*f - 1699. Is a prime?
False
Let o(d) = 4*d + 41. Let l be o(-9). Suppose -n - 6319 = -a - 5*n, -3*n + 31612 = l*a. Suppose a = 4*w + 3*t, -1285 = -2*w + 5*t + 1896. Is w composite?
False
Let b be (-1)/((-15)/2) - (-12089)/(-105). Let z = 119 + b. Suppose z*d - 608 - 2904 = 0. Is d composite?
True
Let m(q) = q**3 + 7*q**2 + 7*q + 2. Let t be m(-1). Let o(h) = 6063*h - 22. Is o(t) prime?
False
Suppose 7*s - 288 = -5*s. Let u be (s/(-8))/((-1)/1). Suppose -5*f = w - 524 + 131, 0 = 5*f + u*w - 389. Is f composite?
False
Let j be 4 - (4 + 16/(-4)). Suppose 0 = 2*m - 4, 13 + 1 = 3*v + j*m. Suppose v*u = k - 233 - 260, -k = 5*u - 507. Is k prime?
False
Let i(j) = -84*j**3 - 19*j**2 - 86*j - 35. Is i(-16) composite?
False
Let m(r) = -2*r + 10. Suppose 30 = 4*f + 2*l, 0 = -0*l - l + 5. Let b be m(f). Suppose 2*t = -2*i + 1078, -3*t + 4*i = -b*t - 1610. Is t prime?
False
Let g be 108/14 - 38/(-133). Let b(s) = -s**2 + 12*s - 28. Let p be b(g). Suppose 5*v + 2281 = 2*l - 2640, -p*l + 9827 = -5*v. Is l a composite number?
True
Is (9/((-45)/40) - -3)*(-18464213)/145 a prime number?
True
Let a be (1785/14)/((-4)/(-8)). Suppose -2*r - r - 3*h + a = 0, 10 = -5*h. Is r a prime number?
False
Let q = -4939 + 3347. Let b be (q/3)/((-18)/27). Let v = b + -353. Is v composite?
False
Let p(l) = -l**2 + 14*l - 22. Let g be p(12). Suppose 4 = 4*x + 12, g*z + 2*x = 384. Is z a composite number?
True
Suppose -5*g = -4*b - 167395, -2*g = -b - 33708 - 33253. Is g composite?
True
Suppose 40*c = 179 + 21. Let y(k) = 0*k**2 - 4 + 3*k**2 + 12. Is y(c) a prime number?
True
Let u(g) = 623*g**3 - 429*g**2 + 8*g + 27. Is u(8) prime?
False
Suppose 1175825 = 13*a - 2743116. Is a a prime number?
False
Let r = 1319 - -86. Is r composite?
True
Suppose 4*p - 2*m - 14 = 0, 0*m + 3*m + 1 = p. Is (0 - (-2)/(-2))*(-14981 + p) a composite number?
True
Suppose 3*n + 13*n - 32 = 0. Suppose 3*t - 51955 = -5*m + 6*t, 0 = -n*t. Is m a composite number?
False
Let w(u) be the first derivative of -u**5/20 + 29*u**2 - 6*u - 5. Let o(r) be the first derivative of w(r). Is o(0) a prime number?
False
Is 60381 + (224/38 - 2/(-19)) a prime number?
False
Let s = 8 + -6. Let i(w) = 120*w**3 + 2*w - 3. Let r be i(s). Let q = -312 + r. Is q a prime number?
False
Let o be 11*-251 + (7 + -5)/2. Let p = o + 15701. Is p a composite number?
False
Let h be 12 + 9551815/104 - 3/8. Suppose -2*r = -2*x + 36740, 3*x + h = 8*x + r. Is x prime?
True
Let f = -509894 - -1000275. Is f a composite number?
True
Suppose 5*q = 3*w - 1852, 5*w - 1775 - 1319 = q. Let b = 1248 - w. Suppose -x - 3*y + b + 281 = 0, 15 = -5*y. Is x a composite number?
False
Let k = 37 + -92. Let p = k + 55. Suppose p = -q - 2*r + 3443, 2*q - 637 = -3*r + 6244. Is q a prime number?
True
Suppose 42*f - 28409485 = -8*f + 2770065. Is f a prime number?
True
Suppose 14 = -3*t - 2*z, -2*t + 5*t + 28 = 5*z. Is (-10)/25*15/t*11114 composite?
True
Suppose 158*t - 157*t + 2*d = 36587, 0 = -3*t - 5*d + 109761. Is t a prime number?
True
Let a be (-2 + 3)*(-3 + -2 - -6). Let u be a*(-6 + 0)*4/(-8). Suppose -u*r = 4*r - 3283. Is r a prime number?
False
Is 13/((-91)/70) + 68475 composite?
True
Suppose -40*i + 18 = -37*i, 2*p = i + 43460. Is p prime?
False
Let j be 3/12*4 - (3 - 2). Suppose 4*b + 4*o = -12 - j, b = -4*o - 15. Is -5 - -2 - (b - 1389) composite?
True
Let w(v) = 14*v**2 - 9*v. Le